 76?
-35
Evaluate (20 + 0 - 36 - -20) + -13.
-9
What is -18 + -11 + -4 + 1 + -147 + 137?
-42
Calculate -12 + (2 - 2) + 0 + (1245 - 1240).
-7
What is the value of -68 + -29 + (39 - -36)?
-22
Evaluate (585 - (1136 - 457)) + (-1 + 0 - (0 + 14)).
-109
What is the value of 0 + -8 + 1 + 27 - -1 - 3?
18
What is (-99 - -56 - -62) + 4 + -3?
20
What is the value of 26 - (42 + -30 + (-5 - (3 + 0)))?
22
What is -1 + -4 - (39 + (-2 - 8) + -3 + -4)?
-27
What is the value of 19 + -5 + 86 + -8 + (-2 - -3)?
93
Calculate (-57 - 2) + (10 - -1 - 11) + 13.
-46
Evaluate 56 - -3 - 2 - 9.
48
What is the value of -49 - (-33 - -9) - -71?
46
What is the value of 46 + (48 + 5 - 75)?
24
Calculate -2985 - -2980 - (-3 - (-4 - (-4 + 7 + -32))).
23
Calculate 34 + (3 - 4) - 40 - -51.
44
Evaluate -49 + 83 + -19 + -18.
-3
What is the value of 24 + 1 + -160 + 113 + 34?
12
What is 23 + -10 + 4 + (-77 - -26)?
-34
What is 37 + -16 + 2 + (20 + 0 - 10)?
33
Evaluate 7 + -10 + -51 + (-11 - (24 - 17)).
-72
What is the value of 30 + (16 - 28) + -1 + (-2 - 1)?
14
(-32 - -7 - (16 - 37)) + 29
25
What is 0 + (33 - 23) + (77 + 3 - (1 - 2))?
91
What is 13 + 72 + 3 + (16 - 4) + -20?
80
Calculate 7 - (3 + (15 - 12 - -7)).
-6
Calculate -5 - (0 + 4 + -5) - (-98 - -107).
-13
What is -57 - ((-55 - -22) + -6)?
-18
0 + -9 + (-16 - -9 - -1 - (-15 + 2))
-2
Calculate 41 + -10 - -2 - (67 + -116).
82
Evaluate -22 + 29 - 5 - (-92 - (4 + -6)) - -8.
100
What is the value of -5 - (3 + -19 + 8) - -1 - 44?
-40
What is (-2 + 2 - (-46 + 62 - 11)) + (1 - -57)?
53
2 + -1 - (243 + -200)
-42
Evaluate -12 + -1 + -1 - (1 + -3 - (-350 - -346)).
-16
91 - 87 - (5 - 1 - 8)
8
Evaluate 1 - -4 - (-18 + 171 + -74) - (-1 + 12).
-85
(2 - (2 + 3) - 2) + -34 + 26 + -80
-93
Calculate -3 + -9 - (20 + (-22 - -16) - 3).
-23
Evaluate 191 + -184 + 7 + -4 + -3 + -1 + -80.
-74
What is the value of 32 - (-680 - -669 - (-171 - 1))?
-129
-32 - ((-106 - -50) + 2)
22
What is the value of -7 - -2 - (-17 + (37 - 15) + -3)?
-7
What is the value of 14 + (19 + -36 - -16 - 11)?
2
(6432 - 6425) + -1 + -1
5
Calculate -138 + 304 - (18 + 11) - 3.
134
What is the value of -5 + 36 - (103 - (93 - 40))?
-19
Calculate -45 + (93 - -42) + -142.
-52
Evaluate -49 + 36 + (-27 - -20).
-20
Calculate (-8 - (-7 + 0)) + 33 + -112.
-80
Calculate (-57 - 84) + (391 - 248).
2
32 + 18 + -43 + (-7 - -34)
34
What is the value of -4 - (-11 + 8 - (-4 + 10 + -5))?
0
Evaluate 17 - ((-6 - 14) + 18 + 45).
-26
Evaluate (11 + -4 - -33) + 95 + -118.
17
-11 + 28 + 3 + -14 + -16 - (-2 - 50)
42
What is the value of (30 - 81) + 62 + -101?
-90
What is the value of (73 - 120 - -53) + (-1 - (1 - 4)) + -17?
-9
-2 + 1 - (-14 + (21 - (21 + -38 - -174)))
149
What is -63 + 41 + -5 - -91?
64
8822 - 8806 - (0 + 0 + 7)
9
What is the value of 38 + (38 - 137 - -64)?
3
Calculate -5 + 19 + 0 + (-161 - -145).
-2
Calculate -111 + (45 - 5 - 43 - (0 - 5)).
-109
What is 11 + -26 + (-4 - -79)?
60
Calculate (-4 - -2) + -20 + 0.
-22
What is 29 + (-105 + 67 - -21)?
12
Calculate 0 + 0 + (-1749 - -1758) - (-1 - -15).
-5
What is the value of (-67 - -51) + (10 - 16 - 11)?
-33
85 - (30 + 79 - 110)
86
Evaluate -15004 + 14879 + (-1 - -100).
-26
Calculate 21 + -15 + (3 - (1 - 3) - 15) + 132.
128
What is the value of (-11 - (5 + 1 + -26 + 18)) + 30?
21
What is the value of (2259 - 2128) + (-4 - 112)?
15
What is the value of -37 - (-36 - -14 - (76 + -7))?
54
What is the value of -275 - -313 - (59 + -1)?
-20
Calculate -17 + 99 + (-13 - (8 - -12)) + 15.
64
Evaluate -126 - (-11 + -50) - -115.
50
Calculate 2 - (-4 + -8 + 7 - 6) - 29.
-16
-10 - (27 + -3 + 9)
-43
What is -4 + 0 + 3 - (15 - (-20 + 7 + 131))?
102
Calculate 49 - 50 - (2 - 7 - -2).
2
Calculate (-1 - -7) + -41 + 13 + -14.
-36
What is the value of -15 + (0 - 12) + -122 + 138?
-11
Evaluate (-1 + -3 - (3 + 65)) + (-25 - (-50 - -15)).
-62
Evaluate 7 + (-4 - -3) + (25 - 2) + 2.
31
(-3 - (-9 + (6 + -7 + 1 - -4))) + -31
-29
Calculate -1492 + 1570 + (-53 - -2).
27
(-5 - -51) + (-473 - -409)
-18
(-10 - (-4 + 2 + -5)) + (-6 - -16)
7
What is 57 - (-50 + 77) - 8?
22
What is -1 + 46 + (-25 + 53 + -33 - -11)?
51
1 - 9 - (-33 - (-37 + (3 - -2)))
-7
Evaluate 34 - 53 - 7 - (-11 + -3).
-12
What is -98 - (109 - (-153 + 311))?
-49
What is (1175 - 1185) + -18 + 2 + -6?
-32
Calculate (-39 - -22) + 14 - (8 - 5).
-6
Calculate -8 + -36 + 50 + 11 + (-6 - 1).
10
Calculate (8 - 1 - ((12 + -10 - 18) + 29)) + -73.
-79
What is (-6 - ((-7 - -5 - -2) + -60 + 12)) + -4?
38
-27 + (-7 - (15 - 92 - 15))
58
Evaluate 2 + 6 - (21 + -44 + -19).
50
What is the value of -3 - (-15 + 1 + -2 - (36 + -44)) - 52?
-47
What is the value of 7 + -33 + 18 + -6 + (10 - 1) - 30?
-35
Evaluate 83 - (-63 + 8 - -62).
76
Evaluate (115 - 72 - 36) + (46 - (1 - 3)).
55
Evaluate -211 - (-101 - -159) - -140.
-129
Calculate 45 - (15 - ((0 - (-11 + 15)) + 15)).
41
Calculate (30 - -1) + 22 + -36 + 17 + -8.
26
What is the value of -33 - (-87 - -64) - (-10 - -1)?
-1
-4 + 3 + 11 + (-7 - ((-9 - 0) + 0))
12
What is the value of 95 - (-57 + -52 + 161)?
43
Calculate 2 - 3 - -5 - (96 - -11) - (-109 - -113).
-107
Evaluate 3 + -61 + (-1708 - -1768).
2
207 - (100 + 22 - 43)
128
-104 - (-122 + -1) - 106
-87
Calculate 0 + (-36 + -16 - -36 - -1).
-15
What is the value of 28 - (1 - (83 + 13)) - 44?
79
Calculate (-3 - (-5 + 15) - -5) + 3 + 45 + 4.
44
Calculate -104 - (-70 + 11 + 12).
-57
What is the value of (0 - 5) + 2 - (-2 - (-6 - 18))?
-25
What is -6 - -3 - 19 - (-1213 + 1208)?
-17
What is the value of 80 + 21 + -104 + -1 + 1 + -3?
-6
Calculate -5 + -9 - (-15 + 12 - -16 - 2 - 174).
149
What is (-10 + 29 - -99) + -105?
13
8788 + -8779 - (77 + 0)
-68
Calculate 28 - 28 - (-1 + (-4 - (0 + -2))).
3
What is (0 - -41) + -53 + -25 + -1 - -11?
-27
Evaluate -3 - -33 - (-120 - (66 + -212)).
4
Calculate 11 - (-114 + (-15 - -35)).
105
(7 + 11 + -6 - 17) + 92 + -6
81
What is (-5 + 1 - 1) + (16 + -1 - 6)?
4
4 + 1 - 40 - (2 - (32 + -25))
-30
Evaluate -77 - (-8 + (31 - 28) + 38).
-110
Evaluate -29 + -9 + (10 - -18 - 13) + 5 + -23.
-41
Evaluate (-1306 - -1228) + 47 + 2 - 65.
-94
(-1 - (1 - -2)) + 64 - ((-124 - -62) + 55)
67
Evaluate 5 + 15 + -17 + -13 + 18 - -8.
16
13 + -51 - (-129 - -25)
66
What is -38 + (8 - 14 - -25 - (-11 + 14 - -7))?
-29
Evaluate (-10 - (31 + -96)) + -16.
39
Evaluate (-51 - -1 - -29) + 17 + -6 - 92.
-102
Evaluate 0 - 2 - ((-36 - -11) + 9) - (115 - -1).
-102
Evaluate -31 - (38 + (-142 - (-12 - -14))).
75
-1 + 21 + (11 + 0 + 1 - (3526 - 3501))
7
What is -2 + 14 + 0 - (-254 + 99 + 175) - 90?
-98
What is 36 - 26 - ((-2 - -26 - 13) + -127)?
126
Evaluate 33 - -1 - (-99 + 88 - (2 + -2)).
45
114 + (-4 - (13 + -6)) + (-72 - -76)
107
-20 + 0 + 573 + -565 - 115
-127
Evaluate (-94 - 1) + (2 - -26 - (-17 + 43)).
-93
What is the value of -14 - 2 - -1 - (-17451 + 17423)?
13
Calculate -6 + (83 - ((8 - 0) + 0) - 3) + 5.
71
Calculate -51 + (-27 - (13 - 20 - 15)).
-56
Evaluate (1 - 3) + 2 - (47 - 52 - -31).
-26
Calculate -32 - (48 + -50) - -19.
-11
Calculate (-58 - 23) + (-3 - -8) + (-10 - (-1 - 11)).
-74
What is the value of (-48 + 42 - 2) + (10 - -5)?
7
Calculate -3 + (-38 - -5) + (11 - (22 + 5)).
-52
What is -96 + 44 + -4 - (5 + 8)?
-69
Calculate 2 - ((-73 + 38 - -128) + -38).
-53
What is the value of -13 - (9 + -30 + 11) - 6 - (-68 - -5)?
54
What is (1018 - 1026) + (4 - (4 + -3 - 3))?
-2
Calculate (130 - 55) + -120 - 19.
-64
Calculate -1 + -9 + (-152 - -162 - (1 - 1)) + 130.
130
Calculate 14 - (-28 + 50) - (23 - 2).
-29
Calculate -15 + 6 + (7 - (12 + -3)) + 6 - -33.
28
(50 - -56) + (16 - (-7 + -19))
148
Evaluate (-75 - (17 + 10)) + 69.
-33
What is 2 - (13 + -4 - (5 + 5 + 2 + -4))?
1
Calculate -1 - (-2 + 1 + -12) - 16 - 21.
-25
What is the value of (22 - (6 - -12)) + (-1 - (-41 + 4))?
40
40 - ((-48 - -13) + 96)
-21
What is -14 - (-7 - -19) - (2 - (-2 - -8))?
-22
Calculate (10 - (3 + 11 + 11 + -14)) + -1 + 2.
0
Evaluate -6 - (-29 - (10 - -10)).
43
1 + -17 + (928 - 906) - 0
6
Evaluate -5 + 2 + 6 - 12 - (-4 + (-50 - 3)).
48
Evaluate -23 - ((-7 - (5 + -23)) + 9).
-43
What is the value of -12 + -4 + 14 + 2 - -11 - -25?
36
What is 3 - ((15 - 33) + 14 + 6) - -1?
2
Calculate 1 - (-3 - -21) - (-149 - -130) - 104.
-102
What is the value of -52 + 0 + 10 + (5 - (26 + -15) - 4)?
-52
Calculate 0 - (7 - (-14 + 12 + -14 + 20)).
-3
What is -35 - -47 - 32 - -28?
8
Evalu